{"id":367,"date":"2025-06-02T21:49:15","date_gmt":"2025-06-02T21:49:15","guid":{"rendered":"https:\/\/contacto-naxu.com.mx\/?page_id=367"},"modified":"2025-06-06T17:45:44","modified_gmt":"2025-06-06T17:45:44","slug":"contacto-consulting","status":"publish","type":"page","link":"https:\/\/contacto-naxu.com.mx\/index.php\/contacto-consulting\/","title":{"rendered":"Contacto Consulting"},"content":{"rendered":"\t\t<div data-elementor-type=\"wp-page\" data-elementor-id=\"367\" class=\"elementor elementor-367\" data-elementor-post-type=\"page\">\n\t\t\t\t<div class=\"elementor-element elementor-element-6117aea e-con-full elementor-hidden-tablet elementor-hidden-mobile e-flex e-con e-parent\" data-id=\"6117aea\" data-element_type=\"container\">\n\t\t<div class=\"elementor-element elementor-element-05f5094 e-grid e-con-full e-con e-child\" data-id=\"05f5094\" data-element_type=\"container\">\n\t\t\t\t<div class=\"elementor-element elementor-element-c0a4b14 elementor-widget elementor-widget-image\" data-id=\"c0a4b14\" data-element_type=\"widget\" data-widget_type=\"image.default\">\n\t\t\t\t<div class=\"elementor-widget-container\">\n\t\t\t\t\t\t\t\t\t\t\t\t\t\t\t<img decoding=\"async\" src=\"https:\/\/contacto-naxu.com.mx\/wp-content\/uploads\/2025\/06\/Naxu-talent-naxu-arrow-right-outline.png\" title=\"Naxu-talent-naxu-arrow-right-outline\" alt=\"Naxu-talent-naxu-arrow-right-outline\" loading=\"lazy\" \/>\t\t\t\t\t\t\t\t\t\t\t\t\t\t\t<\/div>\n\t\t\t\t<\/div>\n\t\t<div class=\"elementor-element elementor-element-925588a e-con-full e-flex e-con e-child\" data-id=\"925588a\" data-element_type=\"container\">\n\t\t\t\t<div class=\"elementor-element elementor-element-a68139e elementor-widget elementor-widget-text-editor\" data-id=\"a68139e\" data-element_type=\"widget\" data-widget_type=\"text-editor.default\">\n\t\t\t\t<div class=\"elementor-widget-container\">\n\t\t\t\t\t\t\t\t\t<p>\u00bfTienes alguna pregunta?<\/p>\t\t\t\t\t\t\t\t<\/div>\n\t\t\t\t<\/div>\n\t\t<div class=\"elementor-element elementor-element-3a2ab61 e-grid e-con-full e-con e-child\" data-id=\"3a2ab61\" data-element_type=\"container\">\n\t\t\t\t<div class=\"elementor-element elementor-element-c1c108b elementor-widget elementor-widget-heading\" data-id=\"c1c108b\" data-element_type=\"widget\" data-widget_type=\"heading.default\">\n\t\t\t\t<div class=\"elementor-widget-container\">\n\t\t\t\t\t<h2 class=\"elementor-heading-title elementor-size-default\">Crecimiento<\/h2>\t\t\t\t<\/div>\n\t\t\t\t<\/div>\n\t\t\t\t<div class=\"elementor-element elementor-element-9030aed elementor-widget elementor-widget-heading\" data-id=\"9030aed\" data-element_type=\"widget\" data-widget_type=\"heading.default\">\n\t\t\t\t<div class=\"elementor-widget-container\">\n\t\t\t\t\t<h2 class=\"elementor-heading-title elementor-size-default\">en conexi\u00f3n<\/h2>\t\t\t\t<\/div>\n\t\t\t\t<\/div>\n\t\t\t\t<\/div>\n\t\t\t\t<div class=\"elementor-element elementor-element-818f13a elementor-widget elementor-widget-text-editor\" data-id=\"818f13a\" data-element_type=\"widget\" data-widget_type=\"text-editor.default\">\n\t\t\t\t<div class=\"elementor-widget-container\">\n\t\t\t\t\t\t\t\t\t<p><b>Hablemos de soluciones reales<\/b><\/p>\t\t\t\t\t\t\t\t<\/div>\n\t\t\t\t<\/div>\n\t\t\t\t<div class=\"elementor-element elementor-element-a3b8c56 elementor-widget elementor-widget-text-editor\" data-id=\"a3b8c56\" data-element_type=\"widget\" data-widget_type=\"text-editor.default\">\n\t\t\t\t<div class=\"elementor-widget-container\">\n\t\t\t\t\t\t\t\t\t<p>D\u00e9janos tus datos y nuestro equipo se pondr\u00e1 en contacto contigo.<br \/>Estamos listos para trabajar contigo y sumar a tu evoluci\u00f3n.<\/p>\t\t\t\t\t\t\t\t<\/div>\n\t\t\t\t<\/div>\n\t\t\t\t<div class=\"elementor-element elementor-element-8e9e8f5 elementor-widget-divider--view-line elementor-widget elementor-widget-divider\" data-id=\"8e9e8f5\" data-element_type=\"widget\" data-widget_type=\"divider.default\">\n\t\t\t\t<div class=\"elementor-widget-container\">\n\t\t\t\t\t\t\t<div class=\"elementor-divider\">\n\t\t\t<span class=\"elementor-divider-separator\">\n\t\t\t\t\t\t<\/span>\n\t\t<\/div>\n\t\t\t\t\t\t<\/div>\n\t\t\t\t<\/div>\n\t\t\t\t<div class=\"elementor-element elementor-element-05c3565 elementor-widget__width-initial elementor-widget elementor-widget-shortcode\" data-id=\"05c3565\" data-element_type=\"widget\" data-widget_type=\"shortcode.default\">\n\t\t\t\t<div class=\"elementor-widget-container\">\n\t\t\t\t\t\t\t<div class=\"elementor-shortcode\"><div class=\"forminator-ui forminator-custom-form forminator-custom-form-271 forminator-design--material  forminator_ajax\" data-forminator-render=\"0\" data-form=\"forminator-module-271\" data-uid=\"69e34d6fa7cb6\"><br\/><\/div><form\n\t\t\t\tid=\"forminator-module-271\"\n\t\t\t\tclass=\"forminator-ui forminator-custom-form forminator-custom-form-271 forminator-design--material  forminator_ajax\"\n\t\t\t\tmethod=\"post\"\n\t\t\t\tdata-forminator-render=\"0\"\n\t\t\t\tdata-form-id=\"271\"\n\t\t\t\t\n\t\t\t\tdata-design=\"material\"\n\t\t\t\t\n\t\t\t\t\n\t\t\t\t\n\t\t\t\tdata-grid=\"open\"\n\t\t\t\t\n\t\t\t\t\n\t\t\t\tstyle=\"display: none;\"\n\t\t\t\t\n\t\t\t\tdata-uid=\"69e34d6fa7cb6\"\n\t\t\t><div role=\"alert\" aria-live=\"polite\" class=\"forminator-response-message forminator-error\" aria-hidden=\"true\"><\/div><div class=\"forminator-row\"><div id=\"name-1\" class=\"forminator-field-name forminator-col forminator-col-12 \"><div class=\"forminator-field\"><label for=\"forminator-field-name-1_69e34d6fa7cb6\" id=\"forminator-field-name-1_69e34d6fa7cb6-label\" class=\"forminator-label\">Nombre <span class=\"forminator-required\">*<\/span><\/label><input type=\"text\" name=\"name-1\" value=\"\" placeholder=\"\" id=\"forminator-field-name-1_69e34d6fa7cb6\" class=\"forminator-input forminator-name--field\" aria-required=\"true\" \/><\/div><\/div><\/div><div class=\"forminator-row\"><div id=\"email-1\" class=\"forminator-field-email forminator-col forminator-col-12 \"><div class=\"forminator-field\"><label for=\"forminator-field-email-1_69e34d6fa7cb6\" id=\"forminator-field-email-1_69e34d6fa7cb6-label\" class=\"forminator-label\">Direcci\u00f3n de correo electr\u00f3nico <span class=\"forminator-required\">*<\/span><\/label><input type=\"email\" name=\"email-1\" value=\"\" placeholder=\"\" id=\"forminator-field-email-1_69e34d6fa7cb6\" class=\"forminator-input forminator-email--field\" data-required=\"true\" aria-required=\"true\" \/><\/div><\/div><\/div><div class=\"forminator-row\"><div id=\"phone-1\" class=\"forminator-field-phone forminator-col forminator-col-12 \"><div class=\"forminator-field\"><label for=\"forminator-field-phone-1_69e34d6fa7cb6\" id=\"forminator-field-phone-1_69e34d6fa7cb6-label\" class=\"forminator-label\">N\u00famero de tel\u00e9fono<\/label><input type=\"text\" name=\"phone-1\" value=\"\" placeholder=\"\" id=\"forminator-field-phone-1_69e34d6fa7cb6\" class=\"forminator-input forminator-field--phone\" data-required=\"\" aria-required=\"false\" autocomplete=\"off\" \/><\/div><\/div><\/div><div class=\"forminator-row\"><div id=\"textarea-1\" class=\"forminator-field-textarea forminator-col forminator-col-12 \"><div class=\"forminator-field\"><label for=\"forminator-field-textarea-1_69e34d6fa7cb6\" id=\"forminator-field-textarea-1_69e34d6fa7cb6-label\" class=\"forminator-label\">Servicio de tu inter\u00e9s<\/label><span id=\"forminator-field-textarea-1_69e34d6fa7cb6-description\" class=\"forminator-description\"><span data-limit=\"180\" data-type=\"characters\" data-editor=\"\">0 \/ 180<\/span><\/span><textarea name=\"textarea-1\" placeholder=\"\" id=\"forminator-field-textarea-1_69e34d6fa7cb6\" class=\"forminator-textarea\" rows=\"6\" style=\"min-height:140px;\" maxlength=\"180\" ><\/textarea><\/div><\/div><\/div><input type=\"hidden\" name=\"referer_url\" value=\"\" \/><div class=\"forminator-row forminator-row-last\"><div class=\"forminator-col\"><div class=\"forminator-field\"><button class=\"forminator-button forminator-button-submit\"><span>Enviar<\/span><span aria-hidden=\"true\"><\/span><\/button><\/div><\/div><\/div><input type=\"hidden\" id=\"forminator_nonce\" name=\"forminator_nonce\" value=\"5609ae4125\" \/><input type=\"hidden\" name=\"_wp_http_referer\" value=\"\/index.php\/wp-json\/wp\/v2\/pages\/367\" \/><input type=\"hidden\" name=\"form_id\" value=\"271\"><input type=\"hidden\" name=\"page_id\" value=\"367\"><input type=\"hidden\" name=\"form_type\" value=\"default\"><input type=\"hidden\" name=\"current_url\" value=\"https:\/\/contacto-naxu.com.mx\/index.php\/contacto-consulting\/\"><input type=\"hidden\" name=\"render_id\" value=\"0\"><input type=\"hidden\" name=\"action\" value=\"forminator_submit_form_custom-forms\"><\/form><\/div>\n\t\t\t\t\t\t<\/div>\n\t\t\t\t<\/div>\n\t\t\t\t<\/div>\n\t\t\t\t<div class=\"elementor-element elementor-element-604bddd elementor-widget__width-initial elementor-widget elementor-widget-image\" data-id=\"604bddd\" data-element_type=\"widget\" data-widget_type=\"image.default\">\n\t\t\t\t<div class=\"elementor-widget-container\">\n\t\t\t\t\t\t\t\t\t\t\t\t\t\t\t<img decoding=\"async\" width=\"117\" height=\"187\" src=\"https:\/\/contacto-naxu.com.mx\/wp-content\/uploads\/2025\/06\/Naxu-talent-naxu-arrow-left-outline.png\" class=\"attachment-large size-large wp-image-232\" alt=\"\" \/>\t\t\t\t\t\t\t\t\t\t\t\t\t\t\t<\/div>\n\t\t\t\t<\/div>\n\t\t\t\t<\/div>\n\t\t\t\t<\/div>\n\t\t<div class=\"elementor-element elementor-element-5b0c53e e-con-full elementor-hidden-desktop e-flex e-con e-parent\" data-id=\"5b0c53e\" data-element_type=\"container\">\n\t\t<div class=\"elementor-element elementor-element-4d65c41 e-con-full e-flex e-con e-child\" data-id=\"4d65c41\" data-element_type=\"container\">\n\t\t<div class=\"elementor-element elementor-element-098a28e e-con-full e-flex e-con e-child\" data-id=\"098a28e\" data-element_type=\"container\">\n\t\t\t\t<div class=\"elementor-element elementor-element-0dd6f26 elementor-widget elementor-widget-text-editor\" data-id=\"0dd6f26\" data-element_type=\"widget\" data-widget_type=\"text-editor.default\">\n\t\t\t\t<div class=\"elementor-widget-container\">\n\t\t\t\t\t\t\t\t\t<p>\u00bfTienes alguna pregunta?<\/p>\t\t\t\t\t\t\t\t<\/div>\n\t\t\t\t<\/div>\n\t\t<div class=\"elementor-element elementor-element-fec779f e-grid e-con-full e-con e-child\" data-id=\"fec779f\" data-element_type=\"container\">\n\t\t\t\t<div class=\"elementor-element elementor-element-882338f elementor-widget elementor-widget-heading\" data-id=\"882338f\" data-element_type=\"widget\" data-widget_type=\"heading.default\">\n\t\t\t\t<div class=\"elementor-widget-container\">\n\t\t\t\t\t<h2 class=\"elementor-heading-title elementor-size-default\">Crecimiento<\/h2>\t\t\t\t<\/div>\n\t\t\t\t<\/div>\n\t\t\t\t<div class=\"elementor-element elementor-element-7acaa21 elementor-widget elementor-widget-heading\" data-id=\"7acaa21\" data-element_type=\"widget\" data-widget_type=\"heading.default\">\n\t\t\t\t<div class=\"elementor-widget-container\">\n\t\t\t\t\t<h2 class=\"elementor-heading-title elementor-size-default\">en conexi\u00f3n<\/h2>\t\t\t\t<\/div>\n\t\t\t\t<\/div>\n\t\t\t\t<\/div>\n\t\t\t\t<div class=\"elementor-element elementor-element-d11c444 elementor-widget elementor-widget-text-editor\" data-id=\"d11c444\" data-element_type=\"widget\" data-widget_type=\"text-editor.default\">\n\t\t\t\t<div class=\"elementor-widget-container\">\n\t\t\t\t\t\t\t\t\t<p><b>Hablemos de soluciones reales<\/b><\/p>\t\t\t\t\t\t\t\t<\/div>\n\t\t\t\t<\/div>\n\t\t\t\t<div class=\"elementor-element elementor-element-feaca4a elementor-widget elementor-widget-text-editor\" data-id=\"feaca4a\" data-element_type=\"widget\" data-widget_type=\"text-editor.default\">\n\t\t\t\t<div class=\"elementor-widget-container\">\n\t\t\t\t\t\t\t\t\t<p>D\u00e9janos tus datos y nuestro equipo se pondr\u00e1 en contacto contigo.<br \/>Estamos listos para trabajar contigo y sumar a tu evoluci\u00f3n.<\/p>\t\t\t\t\t\t\t\t<\/div>\n\t\t\t\t<\/div>\n\t\t\t\t<div class=\"elementor-element elementor-element-cd67d1c elementor-widget-divider--view-line elementor-widget elementor-widget-divider\" data-id=\"cd67d1c\" data-element_type=\"widget\" data-widget_type=\"divider.default\">\n\t\t\t\t<div class=\"elementor-widget-container\">\n\t\t\t\t\t\t\t<div class=\"elementor-divider\">\n\t\t\t<span class=\"elementor-divider-separator\">\n\t\t\t\t\t\t<\/span>\n\t\t<\/div>\n\t\t\t\t\t\t<\/div>\n\t\t\t\t<\/div>\n\t\t\t\t<div class=\"elementor-element elementor-element-b76cc90 elementor-widget__width-initial elementor-widget elementor-widget-shortcode\" data-id=\"b76cc90\" data-element_type=\"widget\" data-widget_type=\"shortcode.default\">\n\t\t\t\t<div class=\"elementor-widget-container\">\n\t\t\t\t\t\t\t<div class=\"elementor-shortcode\"><div class=\"forminator-ui forminator-custom-form forminator-custom-form-271 forminator-design--material  forminator_ajax\" data-forminator-render=\"1\" data-form=\"forminator-module-271\" data-uid=\"69e34d6fc405d\"><br\/><\/div><form\n\t\t\t\tid=\"forminator-module-271\"\n\t\t\t\tclass=\"forminator-ui forminator-custom-form forminator-custom-form-271 forminator-design--material  forminator_ajax\"\n\t\t\t\tmethod=\"post\"\n\t\t\t\tdata-forminator-render=\"1\"\n\t\t\t\tdata-form-id=\"271\"\n\t\t\t\t\n\t\t\t\tdata-design=\"material\"\n\t\t\t\t\n\t\t\t\t\n\t\t\t\t\n\t\t\t\tdata-grid=\"open\"\n\t\t\t\t\n\t\t\t\t\n\t\t\t\tstyle=\"display: none;\"\n\t\t\t\t\n\t\t\t\tdata-uid=\"69e34d6fc405d\"\n\t\t\t><div role=\"alert\" aria-live=\"polite\" class=\"forminator-response-message forminator-error\" aria-hidden=\"true\"><\/div><div class=\"forminator-row\"><div id=\"name-1\" class=\"forminator-field-name forminator-col forminator-col-12 \"><div class=\"forminator-field\"><label for=\"forminator-field-name-1_69e34d6fc405d\" id=\"forminator-field-name-1_69e34d6fc405d-label\" class=\"forminator-label\">Nombre <span class=\"forminator-required\">*<\/span><\/label><input type=\"text\" name=\"name-1\" value=\"\" placeholder=\"\" id=\"forminator-field-name-1_69e34d6fc405d\" class=\"forminator-input forminator-name--field\" aria-required=\"true\" \/><\/div><\/div><\/div><div class=\"forminator-row\"><div id=\"email-1\" class=\"forminator-field-email forminator-col forminator-col-12 \"><div class=\"forminator-field\"><label for=\"forminator-field-email-1_69e34d6fc405d\" id=\"forminator-field-email-1_69e34d6fc405d-label\" class=\"forminator-label\">Direcci\u00f3n de correo electr\u00f3nico <span class=\"forminator-required\">*<\/span><\/label><input type=\"email\" name=\"email-1\" value=\"\" placeholder=\"\" id=\"forminator-field-email-1_69e34d6fc405d\" class=\"forminator-input forminator-email--field\" data-required=\"true\" aria-required=\"true\" \/><\/div><\/div><\/div><div class=\"forminator-row\"><div id=\"phone-1\" class=\"forminator-field-phone forminator-col forminator-col-12 \"><div class=\"forminator-field\"><label for=\"forminator-field-phone-1_69e34d6fc405d\" id=\"forminator-field-phone-1_69e34d6fc405d-label\" class=\"forminator-label\">N\u00famero de tel\u00e9fono<\/label><input type=\"text\" name=\"phone-1\" value=\"\" placeholder=\"\" id=\"forminator-field-phone-1_69e34d6fc405d\" class=\"forminator-input forminator-field--phone\" data-required=\"\" aria-required=\"false\" autocomplete=\"off\" \/><\/div><\/div><\/div><div class=\"forminator-row\"><div id=\"textarea-1\" class=\"forminator-field-textarea forminator-col forminator-col-12 \"><div class=\"forminator-field\"><label for=\"forminator-field-textarea-1_69e34d6fc405d\" id=\"forminator-field-textarea-1_69e34d6fc405d-label\" class=\"forminator-label\">Servicio de tu inter\u00e9s<\/label><span id=\"forminator-field-textarea-1_69e34d6fc405d-description\" class=\"forminator-description\"><span data-limit=\"180\" data-type=\"characters\" data-editor=\"\">0 \/ 180<\/span><\/span><textarea name=\"textarea-1\" placeholder=\"\" id=\"forminator-field-textarea-1_69e34d6fc405d\" class=\"forminator-textarea\" rows=\"6\" style=\"min-height:140px;\" maxlength=\"180\" ><\/textarea><\/div><\/div><\/div><input type=\"hidden\" name=\"referer_url\" value=\"\" \/><div class=\"forminator-row forminator-row-last\"><div class=\"forminator-col\"><div class=\"forminator-field\"><button class=\"forminator-button forminator-button-submit\"><span>Enviar<\/span><span aria-hidden=\"true\"><\/span><\/button><\/div><\/div><\/div><input type=\"hidden\" id=\"forminator_nonce\" name=\"forminator_nonce\" value=\"5609ae4125\" \/><input type=\"hidden\" name=\"_wp_http_referer\" value=\"\/index.php\/wp-json\/wp\/v2\/pages\/367\" \/><input type=\"hidden\" name=\"form_id\" value=\"271\"><input type=\"hidden\" name=\"page_id\" value=\"367\"><input type=\"hidden\" name=\"form_type\" value=\"default\"><input type=\"hidden\" name=\"current_url\" value=\"https:\/\/contacto-naxu.com.mx\/index.php\/contacto-consulting\/\"><input type=\"hidden\" name=\"render_id\" value=\"1\"><input type=\"hidden\" name=\"action\" value=\"forminator_submit_form_custom-forms\"><\/form><\/div>\n\t\t\t\t\t\t<\/div>\n\t\t\t\t<\/div>\n\t\t\t\t<\/div>\n\t\t\t\t<\/div>\n\t\t\t\t<\/div>\n\t\t<div class=\"elementor-element elementor-element-fe3d721 e-flex e-con-boxed e-con e-parent\" data-id=\"fe3d721\" data-element_type=\"container\">\n\t\t\t\t\t<div class=\"e-con-inner\">\n\t\t\t\t<div class=\"elementor-element elementor-element-2417f40 elementor-widget elementor-widget-html\" data-id=\"2417f40\" data-element_type=\"widget\" data-widget_type=\"html.default\">\n\t\t\t\t<div class=\"elementor-widget-container\">\n\t\t\t\t\t<!-- Bot\u00f3n flotante de WhatsApp -->\r\n<a href=\"https:\/\/api.whatsapp.com\/send?phone=525559662720\" target=\"_blank\" role=\"button\" class=\"whatsapp-float\" aria-label=\"Chatea por WhatsApp\">\r\n    <img decoding=\"async\" src=\"https:\/\/contacto-naxu.com.mx\/wp-content\/themes\/hello-elementor\/assets\/icono%20whats%20(flotante%20y%20desplegable).png\" alt=\"WhatsApp\" class=\"whatsapp-icon\">\r\n<\/a>\r\n\r\n<!-- Estilos del bot\u00f3n flotante -->\r\n<style>\r\n    .whatsapp-float {\r\n        position: fixed;\r\n        width: 100px;\r\n        height: 100px;\r\n        bottom: 35px;\r\n        right: 25px;\r\n        z-index: 999;\r\n        transition: bottom 0.3s ease;\r\n    }\r\n\r\n    .whatsapp-icon {\r\n        width: 100%;\r\n        height: auto;\r\n        border-radius: 50%;\r\n        \/*background-color: #25D366;*\/\r\n        \/*box-shadow: 0 4px 8px rgba(0,0,0,0.3);*\/\r\n    }\r\n\r\n    @media (max-width: 768px) {\r\n        .whatsapp-float {\r\n            width: 70px;\r\n            height: 80px;\r\n            right: 15px;\r\n            bottom: -10px;\r\n        }\r\n    }\r\n<\/style>\r\n\r\n<!-- Script para evitar superposici\u00f3n con el footer -->\r\n<script>\r\n    window.addEventListener('scroll', function () {\r\n        const floatBtn = document.querySelector('.whatsapp-float');\r\n        const footer = document.querySelector('.elementor-location-footer');\r\n\r\n        if (!floatBtn || !footer) return;\r\n\r\n        const footerTop = footer.getBoundingClientRect().top;\r\n        const windowHeight = window.innerHeight;\r\n\r\n        if (footerTop < windowHeight) {\r\n            const overlap = windowHeight - footerTop;\r\n            floatBtn.style.bottom = `${20 + overlap}px`;\r\n        } else {\r\n            floatBtn.style.bottom = '35px';\r\n        }\r\n    });\r\n<\/script>\t\t\t\t<\/div>\n\t\t\t\t<\/div>\n\t\t\t\t\t<\/div>\n\t\t\t\t<\/div>\n\t\t\t\t<\/div>\n\t\t","protected":false},"excerpt":{"rendered":"<p>\u00bfTienes alguna pregunta? Crecimiento en conexi\u00f3n Hablemos de soluciones reales D\u00e9janos tus datos y nuestro equipo se pondr\u00e1 en contacto contigo.Estamos listos para trabajar contigo y sumar a tu evoluci\u00f3n. \u00bfTienes alguna pregunta? Crecimiento en conexi\u00f3n Hablemos de soluciones reales D\u00e9janos tus datos y nuestro equipo se pondr\u00e1 en contacto contigo.Estamos listos para trabajar contigo [&hellip;]<\/p>\n","protected":false},"author":1,"featured_media":0,"parent":0,"menu_order":0,"comment_status":"closed","ping_status":"closed","template":"","meta":{"footnotes":""},"class_list":["post-367","page","type-page","status-publish","hentry"],"_links":{"self":[{"href":"https:\/\/contacto-naxu.com.mx\/index.php\/wp-json\/wp\/v2\/pages\/367","targetHints":{"allow":["GET"]}}],"collection":[{"href":"https:\/\/contacto-naxu.com.mx\/index.php\/wp-json\/wp\/v2\/pages"}],"about":[{"href":"https:\/\/contacto-naxu.com.mx\/index.php\/wp-json\/wp\/v2\/types\/page"}],"author":[{"embeddable":true,"href":"https:\/\/contacto-naxu.com.mx\/index.php\/wp-json\/wp\/v2\/users\/1"}],"replies":[{"embeddable":true,"href":"https:\/\/contacto-naxu.com.mx\/index.php\/wp-json\/wp\/v2\/comments?post=367"}],"version-history":[{"count":13,"href":"https:\/\/contacto-naxu.com.mx\/index.php\/wp-json\/wp\/v2\/pages\/367\/revisions"}],"predecessor-version":[{"id":551,"href":"https:\/\/contacto-naxu.com.mx\/index.php\/wp-json\/wp\/v2\/pages\/367\/revisions\/551"}],"wp:attachment":[{"href":"https:\/\/contacto-naxu.com.mx\/index.php\/wp-json\/wp\/v2\/media?parent=367"}],"curies":[{"name":"wp","href":"https:\/\/api.w.org\/{rel}","templated":true}]}}